s the units digit of ((-3)/(-9))/((-4)/(-24))?
2
Let y = 7 - 11. Let o be ((-16)/(-12))/((-3)/(-99)). What is the tens digit of (0 - 1)/(y/o)?
1
Let g(t) be the third derivative of -t**6/120 - t**5/20 - t**4/24 - t**2. Let w be g(-3). Suppose 2*x - 7 = w. What is the units digit of x?
5
Let z(j) = -j**2 - 5*j - 1. Let q be z(-4). Suppose -5*l + 2 + 2 = -4*s, -2*l = 3*s + 3. Let m = s + q. What is the units digit of m?
2
Let x(n) = n**3 + 3*n**2 - 2*n + 4. Suppose -3*a = -0*a + 5*h + 9, -4*h = 4*a + 12. What is the tens digit of x(a)?
1
Suppose 3*i + 74 = x + 3*x, -5*x + 90 = -5*i. What is the units digit of x?
0
Let x(c) = -c**2 - 14*c - 5. Let z be -2 - 1*(12 + -3). What is the tens digit of x(z)?
2
Suppose 0 = p - 0 + 9. Let k(h) = -h**2 - 13*h + 4. What is the units digit of k(p)?
0
Suppose x - 6 = -2*i, i + 3*x + 3 - 6 = 0. Let j be -3*i/(-6)*2. Suppose 0 = -4*g + j*b + 2*b + 82, 100 = 5*g - 5*b. What is the tens digit of g?
1
Let l = -10 + 15. Let i = -1 + l. What is the units digit of i?
4
Let y(w) = 0 + w**2 - 2 - 2*w - 2*w**3 + w + 1. Let u be y(-1). What is the units digit of (-27)/6*(-4)/u?
6
Let c be 5*(-1 + 4)/3. Suppose -7 = -d - c*o, 6*d - 12 = 2*d - 4*o. What is the units digit of (-1)/d - 58/(-4)?
4
Let j(u) = -u**3 + 8*u**2 + 4. Let q be j(8). Suppose q*a = 2*a - 40. Let t = -12 - a. What is the units digit of t?
8
Suppose h + 5 = m - 2, -4*h - 8 = -2*m. Suppose -8 = -2*v - 5*a, -2*v + 5*a + 0*a - 12 = 0. Let b = m - v. What is the units digit of b?
1
Suppose -4*o - 14 = -5*z, -z + 3 = z + o. Suppose z*t + 0 = 8. Suppose 2*x - t*y - 7 = 11, -4*y + 4 = 0. What is the tens digit of x?
1
Suppose 0 = -5*d - 0*d + 315. Suppose 0 = -4*t - 5*j + 33, d = 5*t + 3*j - 4*j. What is the tens digit of t?
1
Suppose 3*c - 369 = -3*z, 3*z + 245 = 2*c + 4*z. What is the hundreds digit of c?
1
What is the hundreds digit of 16/(-28) + -44*53/(-14)?
1
Let i = -13 + 7. Let f(a) = a + 7. Let u be f(i). Suppose 5*s = 2*l - 6*l - 8, -2*s + u = 3*l. What is the units digit of l?
3
Suppose 38 = -5*y - 2. Let f be 73/4 - 6/y. Let k = f - 7. What is the tens digit of k?
1
Let z = -1 + 12. Let t = z + -2. What is the units digit of t?
9
Let b(m) = -m**3 + 5*m**2 - 4*m + 1. Let k(p) = -3*p + 6. Let c(t) = t - 1. Let w(o) = -2*c(o) - k(o). Let z be w(8). What is the units digit of b(z)?
1
Suppose -58 = 6*u - 8*u. What is the tens digit of u?
2
Suppose 5*p + 2*j = -37, 3*p + 27 = -p + j. Let z = p - -4. Let k = z - -6. What is the units digit of k?
3
What is the hundreds digit of -3 + 1/((-3)/(-894))?
2
Let y(d) = d + 1. Suppose l = 6*l + 5. Let f be y(l). Let r = 6 - f. What is the units digit of r?
6
Suppose 0 = 7*v - 2*v - 20. What is the units digit of v?
4
Suppose p - a = 4*p + 5, 4*p = -4*a - 20. Suppose p = -3*f + 27 + 9. What is the units digit of f?
2
Let c = 53 + -38. What is the tens digit of c?
1
What is the units digit of 0 - 2 - (-7 - 2)?
7
Let f(y) = y - 3. What is the units digit of f(11)?
8
Suppose 2*z = 3*z + 2*p - 31, -3*z + 81 = 3*p. What is the units digit of z?
3
Suppose 3*s + 4 = 4*v, -5*s + 2*v + 32 = 5*v. What is the units digit of s?
4
Let r(n) = -n + 8. Let p be r(5). Let a = 4 - p. Let d(g) = 8*g**2 - 1. What is the units digit of d(a)?
7
Let n(s) = -s**3 + 5*s**2 + 4*s - 1. Let d(x) = 2*x - 5. Let h be d(4). What is the tens digit of n(h)?
2
Suppose -3*w = -5*p - 24, -5*w + 22 + 8 = -5*p. What is the units digit of w?
3
Let i be -5 - (0 - (0 - -1)). Let r be i*-2*1/4. What is the units digit of r/10 + (-48)/(-10)?
5
Suppose -39 = -2*f - f. Suppose -g + 0*g + 3*u + f = 0, -5*g + u = -9. Suppose g = -3*z + 31. What is the tens digit of z?
1
Let o = -156 + 336. What is the tens digit of o?
8
Suppose 15 = n - 10. Suppose -5*y + 25 + n = 0. What is the tens digit of y?
1
Suppose i = 4*i - 117. What is the units digit of i?
9
Suppose -4*p - 3*f - 7 = 0, 2*p - 3*p - 3*f - 13 = 0. Suppose 21 = p*z - 7. What is the units digit of z?
4
What is the tens digit of 4/(-18) - (-7546)/99?
7
What is the units digit of (-13)/(4/(-3) + (-25)/(-21))?
1
Let u be (-4)/(-4*1/38). Let z = u - 20. What is the units digit of z?
8
Suppose -16 = 5*p - 7*p. Let l = p - -9. What is the units digit of l?
7
Let i(n) = -1 - 10*n**2 - 1 + n**3 - 1 - 8*n. Let p be i(11). Suppose p = 4*q - 26. What is the units digit of q?
4
Let a(c) = -4*c - 8. What is the units digit of a(-10)?
2
Suppose -1 = j, 0 = -5*l - 3*j + 189 - 57. What is the units digit of l?
7
Let v(r) = -26*r**3 + r**2 - 5. Let z(a) = -26*a**3 + a**2 - 4. Let i(s) = 3*v(s) - 4*z(s). What is the units digit of i(1)?
6
Let c be (-4)/10*(-90)/(-6). What is the units digit of 2 - (-3 + (c - -1))?
0
Let q(d) be the second derivative of -2*d**3 - d**2/2 + d. What is the units digit of q(-1)?
1
What is the tens digit of 66 + (-2 + 0)/2?
6
Let r(n) = -n**3 + 17*n**2 - 11*n - 21. What is the units digit of r(16)?
9
What is the units digit of -1*70/(-1) + -3?
7
Let o(m) = -m**2 + 7*m + 7. Suppose -3*s - 10 = x, 0 = -x + 6*x - s - 30. What is the tens digit of o(x)?
1
Suppose -5*y + 5*p - 47 + 7 = 0, -5*y + p - 32 = 0. Let w(v) = -2 - 2*v + 9 + 0*v. What is the tens digit of w(y)?
1
Suppose 0 = 3*f - b + 5*b - 322, 4*f = -2*b + 436. What is the hundreds digit of f?
1
Let f(m) = -m**3 - m**2 - m. Let x be f(-2). Suppose -x*a + 2*a = 0. Suppose 2*j + a*j - 26 = 0. What is the units digit of j?
3
Suppose -4 - 1 = -5*o. Let y be 2 - (o + (17 - 0)). Let f = y + 27. What is the units digit of f?
1
Let o = -30 + 82. What is the units digit of o?
2
Let m(c) = c**3 - c**2 - 1. Let w be m(1). Let n = 7 + w. Suppose -9 - n = -3*j. What is the units digit of j?
5
Let y(h) = -2*h + 6. Let n be y(6). Let x be (-14)/n - 2/6. What is the units digit of (-9)/(-6) + x/4?
2
Suppose 3*q + 171 = 5*s, 2*s + 2*q - 78 = -0*s. What is the tens digit of s?
3
Let j(p) = -p**2 + 10*p + 5. What is the units digit of j(6)?
9
Let h = -38 + 61. What is the units digit of h?
3
Let n(c) = -c**3 + c**2 + c + 250. Suppose -2*t + 7*t = 0. Let u be n(t). What is the tens digit of (-1)/(-3) - u/(-15)?
1
What is the tens digit of 4/18 - (-2 + (-8034)/54)?
5
Let r be ((-18)/4)/(33/176). Let d = r + 34. What is the units digit of d?
0
Let b = -83 - -134. Let a = b - 7. What is the tens digit of a?
4
Suppose 0*o - 12 = -4*o. What is the units digit of o?
3
Let u = -19 - -61. What is the units digit of 2/7 - (-282)/u?
7
Let q(u) = u**3 - 6*u**2 - 8*u + 9. Let g be q(7). Suppose g*t = t + 4. Suppose -4*w + 38 = w + 3*r, t*w - 29 = -r. What is the units digit of w?
7
Let j = -222 + 320. What is the units digit of j?
8
What is the units digit of 56/1 + (-24)/8?
3
Let o(t) = 3*t**3 + 3*t**2 - t - 31. Let k(r) = -4*r**3 - 4*r**2 + 2*r + 31. Let b(y) = -2*k(y) - 3*o(y). What is the tens digit of b(0)?
3
Let w(p) = -p**2 - 6*p + 3 - 3 + 5. What is the units digit of w(-6)?
5
Let v(q) = 5*q**3 + q**2 + 1. What is the units digit of v(2)?
5
Suppose 2*l + 6 - 2 = 0. Let w(i) = -2*i**3 - 3*i**2 - 4*i - 2. What is the units digit of w(l)?
0
Suppose -5*b + 11 = -19. Let h = 9 - b. Suppose -37 = -h*j + n + 4*n, 2*j - 28 = 5*n. What is the units digit of j?
9
Let v(o) = -o. Let s(a) = -8*a - 2. Let x(f) = s(f) - 6*v(f). What is the units digit of x(-9)?
6
Let l(y) = -y + 3. Let a be l(0). Suppose -2*k + 5*v = -24 + 2, 5*v = -3*k + 58. Suppose -k = -j - a*j. What is the units digit of j?
4
Let m(y) be the third derivative of y**4/3 - y**3/2 - 2*y**2. What is the units digit of m(2)?
3
Let k(u) = u**3 + 16*u**2 - 21*u - 24. What is the tens digit of k(-17)?
4
Let k(z) = z**2 - 1. Let b(n) = -1. Let y = 5 + -4. Let v(p) = y*k(p) + b(p). What is the units digit of v(-3)?
7
Suppose -3*i = -8*i + 3*j - 38, 2*i = 4*j - 18. Let r = i - -18. What is the units digit of r?
1
What is the tens digit of (-61)/(-3) - -1 - (-2)/3?
2
Let h be 4 + 0 + -3 + 0. Suppose -h = -2*p + 1. What is the units digit of p?
1
Let o(m) = -127*m + 1. What is the units digit of o(-2)?
5
Let z(p) = 5*p + 1. Let n be z(-2). Suppose 0 = 5*w + 319 - 939. What is the tens digit of 6/27 - w/n?
1
Let d(j) = j**2 - 4 + 6*j - j + 3. Suppose 22 = -5*p + 2*u, 2*p + u + 28 = -3*u. What is the units digit of d(p)?
5
Let v(z) = 6*z + 1. Let h be v(3). Suppose 5*w = h + 1, -4*w = r - 43. Suppose 17 = 2*o - 3*i, 0*